 prime factors of 11650654?
2, 73, 199, 401
List the prime factors of 288837.
3, 67, 479
List the prime factors of 7667514.
2, 3, 141991
List the prime factors of 11196175.
5, 29, 15443
What are the prime factors of 881288?
2, 110161
List the prime factors of 2295012.
2, 3, 191251
List the prime factors of 495635.
5, 7, 17
List the prime factors of 342072.
2, 3, 4751
List the prime factors of 514247.
514247
List the prime factors of 27372494.
2, 13686247
List the prime factors of 3298487.
43, 79, 971
What are the prime factors of 840760?
2, 5, 21019
What are the prime factors of 151431?
3, 7, 7211
List the prime factors of 17800632.
2, 3, 17, 14543
List the prime factors of 1173111.
3, 163, 2399
What are the prime factors of 3822423?
3, 11, 115831
List the prime factors of 4551471.
3, 83, 677
What are the prime factors of 149779?
7, 21397
What are the prime factors of 295021?
23, 101, 127
List the prime factors of 959108.
2, 347, 691
What are the prime factors of 18976707?
3, 211, 3331
List the prime factors of 1373498.
2, 7, 17, 29, 199
What are the prime factors of 3327199?
29, 31, 3701
What are the prime factors of 971162?
2, 277, 1753
What are the prime factors of 999040?
2, 5, 7, 223
List the prime factors of 2872563.
3, 479, 1999
What are the prime factors of 48513?
3, 103, 157
List the prime factors of 2062640.
2, 5, 19, 23, 59
What are the prime factors of 445115?
5, 11, 8093
What are the prime factors of 190930?
2, 5, 61, 313
List the prime factors of 3616508.
2, 7, 53, 2437
List the prime factors of 299731.
299731
What are the prime factors of 13498997?
2777, 4861
What are the prime factors of 1299547?
367, 3541
List the prime factors of 210798.
2, 3, 7, 239
List the prime factors of 934536.
2, 3, 23, 1693
What are the prime factors of 2346446?
2, 1173223
List the prime factors of 15769012.
2, 7, 19, 29641
What are the prime factors of 592807?
17, 34871
What are the prime factors of 3610666?
2, 83, 21751
List the prime factors of 2151175.
5, 13, 6619
What are the prime factors of 24666411?
3, 7, 11, 106781
List the prime factors of 998177.
23, 43399
What are the prime factors of 10757961?
3, 31, 12853
List the prime factors of 5516837.
41, 239, 563
List the prime factors of 165880.
2, 5, 11, 13, 29
List the prime factors of 17419501.
11, 1583591
List the prime factors of 177783.
3, 19, 3119
What are the prime factors of 1872620?
2, 5, 109, 859
What are the prime factors of 2640904?
2, 7, 6737
List the prime factors of 17348661.
3, 11, 19471
What are the prime factors of 198126?
2, 3, 1223
List the prime factors of 687122.
2, 343561
What are the prime factors of 309065?
5, 61813
List the prime factors of 32186.
2, 7, 11, 19
List the prime factors of 13650013.
13, 31, 33871
List the prime factors of 888244.
2, 7, 31723
What are the prime factors of 2770055?
5, 554011
What are the prime factors of 1053460?
2, 5, 52673
What are the prime factors of 144861?
3, 109, 443
What are the prime factors of 26501230?
2, 5, 7, 167, 2267
List the prime factors of 6036853.
17, 355109
List the prime factors of 10156414.
2, 5078207
What are the prime factors of 3606513?
3, 937, 1283
What are the prime factors of 15056685?
3, 5, 7, 47, 113
List the prime factors of 4001647.
13, 17, 19, 953
What are the prime factors of 246495?
3, 5, 16433
List the prime factors of 1721979.
3, 7, 3037
List the prime factors of 1094310.
2, 3, 5, 7, 193
What are the prime factors of 18711975?
3, 5, 347, 719
What are the prime factors of 5813569?
83, 89, 787
What are the prime factors of 306893?
306893
List the prime factors of 8976263.
8976263
List the prime factors of 4785098.
2, 31, 113, 683
List the prime factors of 5181972.
2, 3, 431831
List the prime factors of 415962.
2, 3, 7703
List the prime factors of 1214117.
1214117
What are the prime factors of 240771?
3, 17, 4721
What are the prime factors of 183295?
5, 7, 5237
List the prime factors of 1841176.
2, 19, 12113
List the prime factors of 470111.
317, 1483
What are the prime factors of 4498483?
11, 408953
What are the prime factors of 13734166?
2, 2111, 3253
What are the prime factors of 6098880?
2, 3, 5, 6353
What are the prime factors of 972565?
5, 11, 17683
List the prime factors of 4118617.
281, 14657
What are the prime factors of 470610?
2, 3, 5, 7, 83
List the prime factors of 438409.
438409
List the prime factors of 17718526.
2, 7, 19, 59, 1129
List the prime factors of 813614.
2, 406807
List the prime factors of 22338.
2, 3, 17, 73
List the prime factors of 304498.
2, 152249
List the prime factors of 271894.
2, 7, 19421
List the prime factors of 468119.
23, 20353
List the prime factors of 114130.
2, 5, 101, 113
What are the prime factors of 6165821?
83, 74287
What are the prime factors of 8058218?
2, 7, 149, 3863
What are the prime factors of 158815?
5, 23, 1381
List the prime factors of 12918506.
2, 31, 101, 2063
List the prime factors of 20708802.
2, 3, 1150489
List the prime factors of 851680.
2, 5, 5323
What are the prime factors of 285391?
43, 6637
What are the prime factors of 977220?
2, 3, 5, 61, 89
List the prime factors of 16357613.
19, 860927
List the prime factors of 2695712.
2, 61, 1381
List the prime factors of 268243.
17, 31, 509
List the prime factors of 3276759.
3, 19, 57487
List the prime factors of 1053924.
2, 3, 71, 1237
List the prime factors of 1355001.
3, 451667
List the prime factors of 775322.
2, 107, 3623
List the prime factors of 3237283.
7, 66067
What are the prime factors of 5257122?
2, 3, 13, 67399
List the prime factors of 23368217.
17, 1374601
What are the prime factors of 37414189?
199, 188011
List the prime factors of 6762579.
3, 337, 6689
List the prime factors of 532409.
587, 907
List the prime factors of 395229.
3, 131743
What are the prime factors of 13825070?
2, 5, 7, 23, 31, 277
What are the prime factors of 8996985?
3, 5, 199933
What are the prime factors of 62018?
2, 11, 2819
What are the prime factors of 254536?
2, 31817
List the prime factors of 113763.
3, 13, 2917
List the prime factors of 19272120.
2, 3, 5, 7, 22943
What are the prime factors of 1010077?
47, 21491
What are the prime factors of 228057?
3, 19, 4001
What are the prime factors of 1561132?
2, 443, 881
List the prime factors of 4308961.
4308961
What are the prime factors of 483498?
2, 3, 26861
What are the prime factors of 337310?
2, 5, 89, 379
List the prime factors of 348244.
2, 13, 37, 181
What are the prime factors of 2729713?
7, 47, 8297
What are the prime factors of 227310?
2, 3, 5, 7577
What are the prime factors of 1229106?
2, 3, 127, 1613
What are the prime factors of 9832667?
13, 151, 5009
List the prime factors of 12317138.
2, 41, 150209
What are the prime factors of 25147806?
2, 3, 59, 71039
What are the prime factors of 6684399?
3, 742711
List the prime factors of 2558274.
2, 3, 19, 22441
List the prime factors of 8744156.
2, 2186039
What are the prime factors of 5277549?
3, 1021, 1723
What are the prime factors of 404712?
2, 3, 7, 11, 73
What are the prime factors of 217891?
109, 1999
What are the prime factors of 20331849?
3, 61, 111103
List the prime factors of 203976.
2, 3, 2833
What are the prime factors of 4666888?
2, 179, 3259
What are the prime factors of 14968423?
23, 317, 2053
List the prime factors of 308748.
2, 3, 11, 2339
List the prime factors of 246613.
246613
List the prime factors of 1201750.
2, 5, 11, 19, 23
List the prime factors of 12000618.
2, 3, 7, 23, 41, 101
What are the prime factors of 121188?
2, 3, 10099
List the prime factors of 424251.
3, 19, 827
What are the prime factors of 1739663?
73, 23831
List the prime factors of 1999052.
2, 11, 45433
What are the prime factors of 1144687?
23, 157, 317
List the prime factors of 839142.
2, 3, 46619
What are the prime factors of 173243?
7, 24749
List the prime factors of 426981.
3, 142327
List the prime factors of 2602664.
2, 325333
List the prime factors of 7636211.
11, 694201
What are the prime factors of 45930?
2, 3, 5, 1531
List the prime factors of 444289.
444289
What are the prime factors of 4253154?
2, 3, 708859
What are the prime factors of 5520679?
431, 12809
What are the prime factors of 437570?
2, 5, 7, 19, 47
List the prime factors of 15441.
3, 5147
What are the prime factors of 1616599?
71, 22769
What are